 divided by 473?
468
What is the remainder when 44740 is divided by 4971?
1
Calculate the remainder when 15937 is divided by 79.
58
What is the remainder when 18764 is divided by 135?
134
Calculate the remainder when 28680 is divided by 32.
8
What is the remainder when 3685 is divided by 25?
10
Calculate the remainder when 3877 is divided by 897.
289
Calculate the remainder when 16740 is divided by 14.
10
What is the remainder when 406 is divided by 399?
7
What is the remainder when 100248 is divided by 40?
8
Calculate the remainder when 378 is divided by 279.
99
Calculate the remainder when 583812 is divided by 48651.
0
What is the remainder when 300436 is divided by 6?
4
What is the remainder when 5005 is divided by 706?
63
What is the remainder when 138142 is divided by 585?
82
What is the remainder when 40117 is divided by 25?
17
Calculate the remainder when 1012451 is divided by 104.
11
Calculate the remainder when 4623 is divided by 1920.
783
Calculate the remainder when 511066 is divided by 9.
1
Calculate the remainder when 1260 is divided by 10.
0
Calculate the remainder when 9803 is divided by 62.
7
Calculate the remainder when 11205 is divided by 1444.
1097
What is the remainder when 2356 is divided by 2261?
95
What is the remainder when 156598 is divided by 78298?
2
What is the remainder when 8903 is divided by 318?
317
Calculate the remainder when 5201 is divided by 133.
14
What is the remainder when 75511 is divided by 1382?
883
What is the remainder when 18906 is divided by 249?
231
Calculate the remainder when 265347 is divided by 468.
459
Calculate the remainder when 1628 is divided by 767.
94
Calculate the remainder when 7097 is divided by 7094.
3
Calculate the remainder when 576203 is divided by 18006.
11
Calculate the remainder when 17093 is divided by 864.
677
Calculate the remainder when 4809 is divided by 121.
90
Calculate the remainder when 219111 is divided by 251.
239
What is the remainder when 5277 is divided by 82?
29
What is the remainder when 249 is divided by 81?
6
Calculate the remainder when 100160 is divided by 335.
330
Calculate the remainder when 20266 is divided by 112.
106
Calculate the remainder when 1152 is divided by 157.
53
Calculate the remainder when 4030 is divided by 1842.
346
What is the remainder when 274263 is divided by 21?
3
Calculate the remainder when 888 is divided by 595.
293
Calculate the remainder when 3901 is divided by 1217.
250
What is the remainder when 14989 is divided by 3720?
109
Calculate the remainder when 288 is divided by 50.
38
Calculate the remainder when 766 is divided by 634.
132
What is the remainder when 1309 is divided by 17?
0
Calculate the remainder when 2745 is divided by 279.
234
What is the remainder when 1263546 is divided by 13?
11
What is the remainder when 4862 is divided by 100?
62
Calculate the remainder when 11125 is divided by 131.
121
What is the remainder when 45201 is divided by 20?
1
What is the remainder when 402 is divided by 381?
21
What is the remainder when 3624 is divided by 79?
69
What is the remainder when 6534099 is divided by 49?
47
Calculate the remainder when 420959 is divided by 10.
9
Calculate the remainder when 9099 is divided by 25.
24
What is the remainder when 1357 is divided by 167?
21
What is the remainder when 1680 is divided by 158?
100
Calculate the remainder when 89800 is divided by 29932.
4
Calculate the remainder when 1232 is divided by 66.
44
Calculate the remainder when 1497 is divided by 378.
363
What is the remainder when 548282 is divided by 27?
20
Calculate the remainder when 7182 is divided by 897.
6
Calculate the remainder when 833 is divided by 783.
50
Calculate the remainder when 101703 is divided by 269.
21
Calculate the remainder when 862 is divided by 846.
16
What is the remainder when 12420 is divided by 303?
300
What is the remainder when 6619 is divided by 9?
4
What is the remainder when 28477 is divided by 11?
9
What is the remainder when 29660 is divided by 7410?
20
Calculate the remainder when 5353 is divided by 1781.
10
Calculate the remainder when 382 is divided by 327.
55
Calculate the remainder when 1099 is divided by 171.
73
Calculate the remainder when 20848 is divided by 4168.
8
Calculate the remainder when 3677 is divided by 1595.
487
What is the remainder when 184573 is divided by 61522?
7
What is the remainder when 18390 is divided by 1023?
999
Calculate the remainder when 13993 is divided by 92.
9
What is the remainder when 6113 is divided by 18?
11
Calculate the remainder when 31870 is divided by 5233.
472
What is the remainder when 6029 is divided by 109?
34
What is the remainder when 10544 is divided by 407?
369
Calculate the remainder when 194018 is divided by 101.
98
Calculate the remainder when 22742 is divided by 1254.
170
What is the remainder when 10899 is divided by 10876?
23
Calculate the remainder when 141876 is divided by 992.
20
Calculate the remainder when 598 is divided by 323.
275
Calculate the remainder when 1755 is divided by 24.
3
What is the remainder when 29929 is divided by 82?
81
What is the remainder when 39981 is divided by 42?
39
What is the remainder when 4558516 is divided by 54?
52
Calculate the remainder when 10764 is divided by 16.
12
What is the remainder when 634 is divided by 197?
43
What is the remainder when 6454 is divided by 243?
136
What is the remainder when 1556 is divided by 71?
65
Calculate the remainder when 2138 is divided by 144.
122
Calculate the remainder when 4097 is divided by 1015.
37
Calculate the remainder when 402190 is divided by 8.
6
What is the remainder when 302011 is divided by 31?
9
Calculate the remainder when 137938 is divided by 98.
52
What is the remainder when 109183 is divided by 33?
19
What is the remainder when 199685 is divided by 771?
767
What is the remainder when 27473 is divided by 195?
173
Calculate the remainder when 3294 is divided by 446.
172
What is the remainder when 1969 is divided by 1956?
13
Calculate the remainder when 167574 is divided by 301.
218
Calculate the remainder when 517766 is divided by 14793.
11
Calculate the remainder when 909 is divided by 290.
39
Calculate the remainder when 2108 is divided by 192.
188
What is the remainder when 31236 is divided by 7724?
340
What is the remainder when 4386 is divided by 66?
30
Calculate the remainder when 298220 is divided by 36.
32
What is the remainder when 1930003 is divided by 85?
78
What is the remainder when 1850 is divided by 620?
610
What is the remainder when 2080492 is divided by 39?
37
What is the remainder when 928 is divided by 7?
4
What is the remainder when 742 is divided by 125?
117
What is the remainder when 3242 is divided by 2834?
408
Calculate the remainder when 5112 is divided by 1692.
36
Calculate the remainder when 141221 is divided by 172.
9
Calculate the remainder when 52098 is divided by 26036.
26
Calculate the remainder when 1164 is divided by 429.
306
What is the remainder when 25846 is divided by 108?
34
Calculate the remainder when 34795 is divided by 243.
46
Calculate the remainder when 78948 is divided by 4.
0
What is the remainder when 8493 is divided by 8476?
17
Calculate the remainder when 4197 is divided by 35.
32
What is the remainder when 911 is divided by 118?
85
Calculate the remainder when 36690 is divided by 576.
402
What is the remainder when 351623 is divided by 322?
321
What is the remainder when 7570 is divided by 7558?
12
What is the remainder when 5230 is divided by 584?
558
Calculate the remainder when 1343 is divided by 154.
111
Calculate the remainder when 44580 is divided by 49.
39
What is the remainder when 20399 is divided by 150?
149
What is the remainder when 223260 is divided by 55806?
36
What is the remainder when 1723 is divided by 177?
130
Calculate the remainder when 3989 is divided by 20.
9
Calculate the remainder when 54155 is divided by 602.
577
What is the remainder when 39026 is divided by 64?
50
Calculate the remainder when 18403 is divided by 9.
7
Calculate the remainder when 4177 is divided by 597.
595
What is the remainder when 136815 is divided by 10524?
3
Calculate the remainder when 133643 is divided by 33408.
11
Calculate the remainder when 20199 is divided by 1575.
1299
Calculate the remain